 is the units digit of j?
2
What is the hundreds digit of (-5 - (-16)/2)*(1 + 3006)?
0
Suppose 4*l = f + 19948, -32*f + 28*f = -16. What is the thousands digit of l?
4
Let y be 24/(-120) - 54/5. Let r be 0/1 + (-12 - y) - -381. Suppose 0 = -3*h + 2*g - 98 + 654, g - r = -2*h. What is the units digit of h?
8
Let o(i) = i**3 + 9*i**2 + 9*i + 9. Let j be o(-8). Let q(b) = 10*b. Let p be q(j). Suppose 4*r = 4*v - 80, p = 2*r - 0. What is the units digit of v?
5
Let d(s) = 27*s**3 - 2*s**2 - s - 2. Let o = 153 + -75. Let t = o - 76. What is the units digit of d(t)?
4
Suppose 21*r + 18 = 18*r. Let f be (-2)/r*(22 + -16). Suppose v - 139 = f*s, -5*v + 2*s + 841 - 114 = 0. What is the hundreds digit of v?
1
Let f be (2313/(-6))/(12/16). What is the tens digit of f/(-1) - (40/8 + -4)?
1
Let k = -3 - 2. Let b(l) = 22*l - 1. Let y(c) = -21*c. Let i(q) = k*y(q) - 4*b(q). What is the tens digit of i(5)?
8
Let j = 17 + 61. Let i = -74 + j. Suppose 3*n + 2*z = 46 + 369, i*z = -n + 145. What is the hundreds digit of n?
1
Suppose 50*x + 1616 = 9*x + 14531. What is the units digit of x?
5
Suppose 3*d - 4*b = d - 10, 5*d - 30 = -b. Suppose 6*g - 108 = d*g. What is the tens digit of g?
0
Let i(t) = -9*t - 201. Let k be i(-23). Let l(q) = q**2 - q + 1. Let x be l(0). What is the tens digit of 28/x + 35/(-7) + k?
2
Suppose w - 5*x + 7 = 0, 0 = 2*w - w + 4*x - 11. Suppose 5*d = -3*b + d + 1644, -w*d = 4*b - 2199. What is the hundreds digit of b?
5
Suppose 209*s = 208*s + 2*q + 37591, -5 = q. What is the units digit of s?
1
Let s(g) = 3*g + 23. Let l = -63 - -58. Let c be s(l). What is the hundreds digit of ((-2)/c*134)/((-2)/12)?
2
Let k(b) = -b**2 + b + 1. Suppose -z - w + 2 = -4*z, 5*w + 6 = -z. Let j(u) = u**2 - 5*u + 8. Let q(f) = z*j(f) - 2*k(f). What is the hundreds digit of q(-15)?
1
Suppose -5*i + 4867 = 2*l, 3*l - 963 = 20*i - 21*i. Suppose -13*y + 16*y - i = 0. What is the units digit of y?
5
Suppose -2*h + 20 + 6 = 2*k, 5*k = -10. What is the units digit of (h/(-6))/((-2)/4)?
5
Let n(c) = -2*c**2 + 10*c - 5 + 81*c**3 - 86*c**3 - 1. What is the hundreds digit of n(-4)?
2
Let m = -4808 + 7391. What is the hundreds digit of m?
5
Let y(o) = 108 - 53 + 15*o**2 + 2*o**2 + 15*o**2 + o**3 - 31*o. What is the hundreds digit of y(-32)?
0
Let c = -46876 - -79314. What is the ten thousands digit of c?
3
Let m(g) = 18*g**3 + 2*g**2 - g - 5. Let y be m(-2). Let z = y - -444. What is the tens digit of z?
0
Let d(r) = -1486*r - 56. What is the hundreds digit of d(-2)?
9
Suppose 0 = 15*y - 13*y + 5*r - 124835, -y - 5*r = -62420. What is the tens digit of y?
1
Let j(g) = -648*g + 2259. What is the ten thousands digit of j(-36)?
2
Let c(l) = 53*l**3 + 7*l**2 - 106*l + 620. What is the hundreds digit of c(6)?
6
Let p(f) = 132*f**2 + 101*f - 293. What is the thousands digit of p(3)?
1
Suppose -3*j + 14338 = -2*i, -3*j = -5*i - 12558 - 1777. What is the hundreds digit of j?
7
Let y(l) = -10*l - 43. Let n be 2/(-24) - 23715/540. What is the tens digit of y(n)?
9
Let b = 1964 + -1562. What is the tens digit of b?
0
Let q(u) = u**3 + 2*u**2 - 1. Let r be q(-1). Let h be (-23580)/(-27)*12/5. What is the tens digit of h/40 + (r - (-6)/(-15))?
5
Suppose -11*b + 22 = -0*b. Suppose 0 = 2*k - 0 - b. What is the tens digit of (k + 13)*(5 + (3 - 5))?
4
Suppose 39*k = 43*k - 16. Let a(n) = 34*n + 42*n - 88*n - k*n**2 - 13 - n**3. What is the hundreds digit of a(-7)?
2
Suppose -13*o - 110916 = 5*o. What is the tens digit of o/(-27) - 8/36?
2
Let u(s) = -3*s**3 + 32*s**2 + 247*s - 58. What is the units digit of u(-12)?
0
Let k be (-4)/5*(-5 - 55/(-22)). Suppose -136 + 234 = k*i. What is the tens digit of i?
4
Suppose 2*y - 3*z - 15046 = 0, 4*y - z + 13780 = 43902. What is the hundreds digit of y?
5
Let z(t) = t**3 - 2*t**2 - 3*t - 10. Let q = -21 + 29. Let i be z(q). Suppose 0 = 6*b - 100 - i. What is the units digit of b?
5
Suppose -4*u - 5*x + 589 = 0, 250 = -4*u - x + 851. Suppose 143*h + 10080 = u*h. What is the units digit of h?
0
Suppose 0 = -o - 2*r + 77736, 18*o = 13*o - 4*r + 388728. What is the tens digit of o?
5
Let i = -3202 + 9396. What is the hundreds digit of i?
1
Suppose 141 = 3*s - 5*z, 5*s - 251 + 56 = -5*z. Suppose 111 = 4*a - 3*c, -a = 3*a - 5*c - 121. Let n = s + a. What is the units digit of n?
6
Let g = -83 - -222. Let s = 228 - g. What is the tens digit of s?
8
Let r be 1140/(-28) + 8/(-28). Let x = 179 + r. Let z = x + -85. What is the units digit of z?
3
Let z be -1*-2*(4 + 127). Suppose -9*o + z = -7*o. What is the tens digit of o?
3
Suppose 13*s + 56 = 5*s. Let l(k) = 7*k - 5. Let b(x) = 7*x - 6. Let w(o) = -3*b(o) + 2*l(o). What is the tens digit of w(s)?
5
Suppose 4*y = -4*b - 424, 3*b - 5*y = 27 - 361. Let g(r) = -95*r**3 - r**2 - 8*r + 8. Let d be g(1). Let x = d - b. What is the units digit of x?
2
Suppose 476624 = 12*n - 32776. What is the thousands digit of n?
2
Let r = 814 + -1469. Let h = r - -1140. What is the units digit of h?
5
Let z be (-8)/(-24) - (-71)/3. Let u = z + -19. Suppose -178 = -7*t + u*t. What is the tens digit of t?
8
Let z be (-9367)/152 + 2*12/(-64). Suppose 0 = o + 93 + 94. Let c = z - o. What is the hundreds digit of c?
1
Suppose 0 = w - 9 - 26. Suppose o - 3*o + 68 = -2*v, -2*v - w = -o. What is the units digit of o?
3
Let x = 5 - 2. Let g(p) = -11*p - 20. Let b(q) = -5*q - 12. Let k(c) = 5*b(c) - 3*g(c). What is the tens digit of k(x)?
2
Suppose -2505 = 11*o + 4480. Let c = 108 - o. What is the tens digit of c?
4
Let s(m) = m**3 + 5*m**2 + m - 4. Let z(a) = a**3 + a**2 - 3*a + 2. Let c be z(1). Let o be -2 + c - (3 + 0). What is the units digit of s(o)?
8
Suppose -2*m - 6 = 5*c - 9*c, 3*c - 15 = 5*m. Let b(a) = -2*a**3 - 7*a**2 - 15*a + 1. What is the tens digit of b(m)?
3
Let u be (-1 - -1)*(-61 - -60). Suppose -55*q + 38565 + 30075 = u. What is the thousands digit of q?
1
Suppose 0 = 5*f + 5*b - 102427 + 31957, -4*b = 2*f - 28182. What is the hundreds digit of f?
0
Let w(v) = -v**2 + 20*v - 8. Let k = 43 - 20. Let f = k - 9. What is the units digit of w(f)?
6
What is the thousands digit of 4/1 - (-2 - (7 + 10273))?
0
Let o = 80398 - 52700. What is the ten thousands digit of o?
2
Let i(k) be the third derivative of -k**6/120 - 23*k**5/60 - 7*k**3/3 - 28*k**2. Let m be i(-23). What is the hundreds digit of (3 - 7/(m/232))/1?
1
Let x = 213 - 209. Suppose -14*v + x*v = -5840. What is the units digit of v?
4
Let w(r) = -2*r**3 - 9*r**2 + 6*r + 7. Let s be ((-2)/6)/((-11)/(-33)). Let a be ((-24)/20*-5)/s. What is the units digit of w(a)?
9
What is the hundreds digit of (107*1)/(369/38745)?
2
Let o = 6 - 2. Let k = 1975 + -1832. Suppose o*v = k + 9. What is the tens digit of v?
3
Let n = 1296 + -861. Suppose -l - n = -5*y + 4*l, -5*y + 411 = l. What is the tens digit of y?
8
Let w(k) = 3*k + 26. Let s be w(-8). Let p(d) = 3*d + 2*d**s + 16 - 2*d + 0*d**2 - 2 - d**3. What is the units digit of p(0)?
4
What is the units digit of (-128)/320*34430/(-4)?
3
Suppose 0 = -6*o + 14 + 22. Let j = -7 + 7. Suppose j*f - o*f + 390 = 0. What is the units digit of f?
5
Suppose 35807 = 4*u + 5*t, -101*u - 2*t + 35798 = -97*u. What is the tens digit of u?
4
Suppose 5*c - 4*v + 5 = 0, -2*v + 13 = -c + 2*c. Suppose g = -5*q + 288, 4*q = 5*g + c*q - 1414. What is the units digit of g?
3
Let a(p) = -2638*p + 554. What is the hundreds digit of a(-8)?
6
Let i(r) = r**3 - 30*r**2 + 35*r - 347. What is the thousands digit of i(39)?
4
Let i = -44 + 49. Suppose j - 2*g = 233, -j + 0*j = 5*g - 233. Suppose -5*d + j = -4*l, -i*d = -5*l - 114 - 121. What is the tens digit of d?
4
Let u(v) = -134*v + 8. Let t be u(2). Let k = 680 + t. What is the hundreds digit of k?
4
Suppose -83284 = -116*h + 32*h + 170228. What is the units digit of h?
8
Let r(f) = f + 5. Let u(w) = w + 10. Let v(n) = 5*r(n) - 3*u(n). What is the units digit of v(10)?
5
Suppose 19*c = 116 - 724. Let f(h) = h**2 - 29*h - 127. What is the tens digit of f(c)?
2
Let a(z) = 686*z**3 - z + 1. Let b be a(1). Suppose r = -r + b. What is the tens digit of r?
4
Suppose 0 = 5*v - 10, -v = -7*s + 5*s + 8. Suppose g = 4*j + 83, -5*j + 349 = s*g + 34. Let c = -28 + g. What is the units digit of c?
9
What is the ten thousands digit of (-60166)/4*(-13 - (11 - 22))?
3
Suppose g + 5*h - 585 = 1547, h + 6300 = 